et n(h) = -h - 4. What is the remainder when g is divided by n(-9)?
4
Suppose -4 = 2*g - 6. Let l be g + (-92)/4 - -1. Let u = l + 41. What is the remainder when 38 is divided by u?
18
Let h = 166 + -116. Suppose z = 3*l + 12 - 3, 3*z - 5*l - 27 = 0. What is the remainder when h is divided by ((-832)/12)/(-4) - 3/z?
16
Suppose 0 = w - 26 - 12. Suppose -6*r + 14 = 2. Suppose -r*v + v = -w. What is the remainder when v is divided by 20?
18
Let o(k) = -k**3 - 5*k**2 + 2*k + 12. Let z be o(-5). Suppose c + 0*c + 4 = 3*b, -2*b - 4 = -z*c. What is the remainder when c is divided by 2?
1
Suppose 10*r - 1220 = 160. What is the remainder when r is divided by 72?
66
Calculate the remainder when ((-74)/4)/(17/(-136)) is divided by 38.
34
Suppose u = -2*h - 477, -904 + 201 = 3*h - u. Let p be (30/(-4))/((-2)/(-44)). Let x = p - h. What is the remainder when x is divided by 18?
17
Suppose -m = 4*y - 15, -m - 3*m = y. Suppose z - 30 = 2*n, -z + y*n + 19 = -17. Suppose -2*s + z = -26. Calculate the remainder when s is divided by 14.
11
Let b be (-400)/(-70) - 2/(-7). Suppose -3 = b*j - 33. Calculate the remainder when 9 is divided by j.
4
Let o = -17 - -22. Suppose 0 = o*r - r. Suppose 73 = -2*f + 6*f + m, r = 3*f + m - 55. What is the remainder when 70 is divided by f?
16
Let o(n) = -3*n**3 - 29*n**2 + 8*n - 9. Suppose -i = 3*i - 5*z - 199, 0 = -2*i - 4*z + 106. What is the remainder when i is divided by o(-10)?
7
Calculate the remainder when 94 is divided by (6/(-18))/((-6)/1080*3).
14
Suppose v - 7 - 3 = -2*a, -23 = -3*v + a. What is the remainder when ((-2)/(-3))/(20/390) is divided by v?
5
Let h = 191 - -88. Calculate the remainder when h is divided by 47.
44
Let z = -81 + 84. Let j = -2 + 4. Suppose -o = -2*d - j + 5, -4*d + z = -3*o. What is the remainder when 13 is divided by o?
1
Suppose 46 = 2*s + 4. Let f be (-1380)/9 + 20/(-30). Let a = -72 - f. What is the remainder when a is divided by s?
19
Suppose -5*k - 5*d = 302 - 4687, -2*k + 1738 = -2*d. Calculate the remainder when k is divided by 73.
70
Let n(i) = 0 - i**3 + 12*i**2 - 5 + 11*i - 20*i. Suppose 0 = -k + z - 5*z + 16, -3*k - 3*z + 21 = 0. What is the remainder when n(11) is divided by k?
1
Let r be 23 - ((-14)/(-4))/7*4. Let s = -6 + r. What is the remainder when 89 is divided by s?
14
Suppose 4*v - 44 - 56 = 0. Suppose 0 = y - 4*j + 7, 2*y + 0*y + 5*j - v = 0. Calculate the remainder when 19 is divided by y.
4
Suppose -38 = -2*c + 46. Suppose -c = 5*i - 222. Calculate the remainder when 107 is divided by i.
35
Let n be (-3*41 - 2) + 1. Let h = 186 + n. Calculate the remainder when h is divided by 8.
6
Suppose 4*f + 54 = -26. Let y = f + 36. Let o = 26 + -17. Calculate the remainder when y is divided by o.
7
Suppose g = -4*g + 20. Let m be ((-6)/g)/(18/(-60)). Suppose 0*o - m*b + 11 = -o, -2*b = -o - 2. What is the remainder when 14 is divided by o?
2
Let m(i) be the first derivative of -3*i**2/2 - 7*i - 5. Let q be m(-7). Suppose -7*t = -5*t - q. What is the remainder when t is divided by 3?
1
Suppose 3*v + 95 = -t + 119, 4*t + 3*v = 51. Calculate the remainder when 42 is divided by t.
6
What is the remainder when -4 + 474 - 7 - (10 - 3) is divided by 22?
16
Let z(q) = q**2 + 12*q + 3. Let y be z(-12). Suppose -y*a + 6*a = 78. Calculate the remainder when 74 is divided by a.
22
Let l(u) = 16*u - 4. Let v(g) = g + 12. Let t be v(-10). What is the remainder when 80 is divided by l(t)?
24
Suppose 2*s = -5*u + 5, -5*s + 0*s + 2*u = -56. What is the remainder when 128 is divided by s?
8
Suppose 0*z + 3*z = 9. Let x = 8 - 8. Calculate the remainder when z is divided by x/(-2) + (0 - -3).
0
Suppose -53*b + 8292 + 3792 = 0. What is the remainder when b is divided by 47?
40
Suppose -696 = -3*u + 108. Suppose 3*s - u - 50 = 0. Suppose -o + 16 = -5*t, 0 = -6*o + o - t + s. What is the remainder when 81 is divided by o?
18
What is the remainder when (4/8)/(8/1264) is divided by 20?
19
Suppose 124*l + 1399 - 8095 = 0. Let d(n) be the third derivative of -5*n**4/12 + n**3/6 - 2*n**2. Calculate the remainder when l is divided by d(-1).
10
Calculate the remainder when 150 is divided by 2/(4 - (-528)/(-136)).
14
Suppose 5*h - 33 = -6*h. Calculate the remainder when 34 is divided by h*1/5*(-120)/(-12).
4
Suppose 159*y - 165*y + 198 = 0. Calculate the remainder when y is divided by 3.
0
Let c(u) be the second derivative of -u**5/10 + u**4/4 - u**3/6 - u**2 + 6*u. Let y be c(3). Let f = 57 + y. Calculate the remainder when 97 is divided by f.
22
Suppose 0 = 5*j + 5*h - 45, 0 = -8*j + 3*j - h + 29. Suppose -j*c + 5*q + 90 = -0*q, 5*q = 10. Calculate the remainder when c is divided by 6.
2
Calculate the remainder when 188 is divided by -2*(3 - (-426)/(-12)).
58
Let k(x) be the third derivative of x**5/10 + x**4/12 - x**3/6 + x**2. What is the remainder when k(1) is divided by 513/99 - (-2)/(-11)?
2
Let i(s) = s**2 + 14*s - 64. What is the remainder when i(-22) is divided by 23?
20
Let c(z) = -65 + 132 + 6*z**2 + 2*z - 66 + 3*z. What is the remainder when c(-2) is divided by (-38)/(-6) + 1/(-3)?
3
Suppose -3*u = t - 38, 5*u = -3*t + 29 + 33. Suppose 6*i = 3 + 39. Calculate the remainder when u is divided by i.
6
Let c = 13 - 8. Let h(y) = 18 + y**2 + 9*y + y - 6. Calculate the remainder when c is divided by h(-9).
2
Suppose 0 = -d + 3*w + 14, 4*d = -4*w - 0*w - 8. Suppose d = -q, -3*z + q = -5*z + 6. Calculate the remainder when 33 is divided by -1 + (z - -9)*1.
9
Suppose 11 = -3*g + 65. Suppose 260 = 3*l + 2*l. What is the remainder when l is divided by g?
16
Suppose -f + u + 8 = 0, 3*f + 0*u - 6 = -3*u. Calculate the remainder when (4 + 18)*(-2 + 3) is divided by f.
2
Suppose -8*q + 21 = -259. Calculate the remainder when 111 is divided by q.
6
Let m = -644 + 661. Calculate the remainder when 213 is divided by m.
9
Suppose 3*g = 4*g - 40. What is the remainder when g is divided by 14?
12
Suppose v = 3*v - 6. Suppose 8*p - v*p = 825. Suppose d - p = -4*d. Calculate the remainder when d is divided by 12.
9
Let i = 68 - 48. Suppose 5*k = -i, -4*k - 24 = -2*z + k. What is the remainder when 3 is divided by z?
1
Suppose 0 = 4*l + 2*z - 358, 12*l - 7*l - 4*z - 467 = 0. What is the remainder when l is divided by 39?
13
Suppose -25 = -3*q + 14. Suppose -64*x = -60*x - 12. Calculate the remainder when ((-1 - q)/2)/(-1) is divided by x.
1
Let p(u) = 31*u + 1192. Calculate the remainder when (4/(-3))/((-4)/138) is divided by p(-38).
4
Suppose q = -2*n + 29, -5*n = 10*q - 7*q - 74. What is the remainder when 77 is divided by n?
12
Let y(w) = 31*w**3 + w**2 - w. Suppose 4*t + 74 = 566. Calculate the remainder when t is divided by y(1).
30
Suppose d + 4 = 0, -k + 33 = -9*d + 6*d. Let n = 7 + 1. Calculate the remainder when k is divided by n.
5
Suppose 3*o = 19 + 170. Let f = -125 - -138. Calculate the remainder when o is divided by f.
11
Let x(n) = -11*n**2 - 4*n - 2. Let j be x(-3). Let o = 140 + j. Let q = -178 + 204. Calculate the remainder when o is divided by q.
25
What is the remainder when 255 is divided by (-87)/(-3) + 5/((-15)/(-9))?
31
Suppose 10 = -3*v - 3*c - 2*c, -2*v - 2*c = 8. Let x = v + 34. Calculate the remainder when 84 is divided by x.
26
Suppose 5*v + 84*v - 36045 = 0. Calculate the remainder when v is divided by 198.
9
What is the remainder when (575 + 31)/(-4*(-2)/16) is divided by 15?
12
Let w be -4 + (3 - -2) - (53 - -2). What is the remainder when (-2)/9 - (10848/w)/4 is divided by 14?
8
Suppose -4*i - 16 = -4*l, 11*l - 15*l + i + 13 = 0. Suppose -l*p - 3*h = -99, -4*h + 107 + 63 = 5*p. Calculate the remainder when 108 is divided by p.
32
Let t(g) = 3*g**2 - 4*g - 2. Let w be t(-3). Suppose o + w = 88. Let h(x) = x**2 - 14*x + 9. Calculate the remainder when o is divided by h(0).
6
Let a be (-6)/(-33) + 1708/(-77). Let c = 36 + a. Suppose -32 = -5*o + o. What is the remainder when c is divided by o?
6
Suppose 9*y = -17 + 692. Calculate the remainder when y is divided by 40.
35
Suppose 4*y - 3*j - 676 = 0, 10*j = y + 13*j - 169. Calculate the remainder when y is divided by 58.
53
Suppose 3 = n + 1. Suppose -3 - n = -x. Suppose 0 = -v + 1, 3*y = v - x*v + 358. What is the remainder when y is divided by 30?
28
Calculate the remainder when 394 is divided by (1/3 + -4)*(-54)/3.
64
Suppose 0 = -2*t